 p(a). Calculate g(15).
-3
Let r(i) = -i - 8. Let m be r(-10). Let z(w) = -w**2 - w + m*w + 2 + 6*w. Calculate z(8).
-6
Let q(m) = -m**3 + 6*m**2 - m + 8. Let g(x) = 3*x**3 - 19*x**2 + 2*x - 25. Let i(d) = -2*g(d) - 7*q(d). Let a = -5075 - -5079. Calculate i(a).
6
Let x(y) = -4*y - 18. Let l(u) = 2*u + 11. Let v(c) = 5*l(c) + 3*x(c). What is v(5)?
-9
Suppose -2*b + 18 = -2*y, 3*y + 0*b - 13 = -5*b. Let c(n) = n**3 + 4*n**2 + 4*n. What is c(y)?
-16
Let a(s) = -s - 5. Let m be (-9)/27 + (-4)/(-18)*-3. Let g be -4*(m + (-28)/(-8)). Give a(g).
5
Let c = 979 - 976. Let x(k) = -k**3 + 3*k**2 + k + 3. What is x(c)?
6
Let c be 3*-1 + (21 - 8). Let o(h) = -3*h - h**2 + 4*h**2 - c + 12. What is o(2)?
8
Let r(p) = -13*p**3 - 16*p**2 - 12*p + 5. Let t be (-2 - 2) + (-8 - -3). Let s(k) = -3*k**3 - 4*k**2 - 3*k + 1. Let v(o) = t*s(o) + 2*r(o). Calculate v(-2).
3
Let o(k) = -k**3 + 5*k**2 + 4*k. Let x(r) = r**3 + 6*r**2 - 9*r - 8. Let y = 39 - 46. Let j be x(y). Determine o(j).
-12
Let z(b) be the second derivative of -b**3/3 - 5*b**2/2 + 39*b + 6. Suppose 5*l + 29 = -11. Give z(l).
11
Let r = 61 - 59. Suppose 0 = -r*s - 9 + 3. Let b(d) = -6*d - 3. Determine b(s).
15
Let s(i) = 33*i - i**3 + i**2 - 19*i + 2 + 2 - 13*i. Determine s(3).
-11
Let r(l) = -28*l + 1 - 2 + 4*l + 8*l + 15*l. Suppose 4 = -5*y - 21. Determine r(y).
4
Let g(c) be the third derivative of -c**6/120 - c**5/30 - c**3/6 + 6*c**2. Suppose 8*t - 4*b - 12 = 4*t, -2*t + 4*b = -16. Give g(t).
-1
Let r(b) = 5*b. Let n(i) = 23*i. Let h(w) = -4*n(w) + 18*r(w). Determine h(1).
-2
Let h(d) be the second derivative of d**5/20 + 13*d**4/12 + 7*d**3/3 + 5*d**2 - 168*d. Calculate h(-12).
-14
Let a(g) = -2 + 1 + g + 3*g**2 - 30*g**3 + 29*g**3 - 1. Let p(b) = -b**2 - 2*b + 2. Let c be p(0). Give a(c).
4
Let c = 3123 + -3121. Let f(i) be the third derivative of i**5/60 + i**4/24 - i**3/3 + i**2. Give f(c).
4
Let c(h) = 2*h**2 + h - 5. Let d be c(3). Suppose 9*w = 13*w - d. Let z(i) = 4 - i**2 - 9 - i + 2*i + 2*i**2. Determine z(w).
15
Let r(q) = q**2 - 4*q. Let x(s) = -10*s + 35. Let u be x(11). Let g = 81 + u. Give r(g).
12
Let m(z) = -z**3 - 8*z**2 + z + 10. Suppose -20*g = -22*g. Suppose g = 3*u - 57 + 81. What is m(u)?
2
Let a(i) = 14*i**3 - 1. Let w be a(-1). Let s be (-36)/w - 6/15. Let o(l) = 5*l**2 + l + 5. Let p(d) = -5*d**2 - 4. Let n(x) = -3*o(x) - 4*p(x). Calculate n(s).
15
Let u(z) = z**3 + 3*z**2 + 2*z. Let t be u(-2). Let v(j) = -3*j**3 + 5*j**2 + 32. Let d(w) = 2*w**3 - 3*w**2 - 16. Let q(f) = -5*d(f) - 3*v(f). What is q(t)?
-16
Let j(y) = -3*y + 15. Let p(t) = -t + 6. Let z(m) = -2*j(m) + 5*p(m). Let r = -10 + 9. Give z(r).
-1
Let s(i) = i**2 + 1. Let d(c) = -c**3 + 6*c**2 + c + 29. Let r(q) = -d(q) + 5*s(q). Determine r(0).
-24
Let x be -1 + 0 - (-20)/2. Suppose 4*b + 102 - 46 = 0. Let d = b + x. Let n(i) = i**3 + 4*i**2 - 3*i + 1. Calculate n(d).
-9
Let a(g) = g**3 - 11*g**2 + 30*g. Let v = -575 + 581. What is a(v)?
0
Let m = 5 + -3. Let o(k) be the second derivative of -k**3/6 + 154*k + 6. What is o(m)?
-2
Let c = -5 - -7. Suppose 5*b - 3*b + 5*m + 17 = 0, -2*b - c*m - 2 = 0. Let j(y) = -3*y**2 + b*y**3 + 3*y + 4*y**3 - 3*y**3 - 4*y**3. Give j(3).
9
Let h(z) = -z**2 - 2*z + 1. Let r(n) = -4*n**2 - 14*n + 2. Let s(g) = -5*h(g) + r(g). Calculate s(5).
2
Let x be (-2)/8 + 6/24. Let t(h) = -h**2 + 2*h - 1 + h + x + h. Determine t(5).
-6
Let x(n) = -n**3 - 6*n - 3 + 39*n**2 - 17*n**2 - 27*n**2 + 2. Calculate x(-5).
29
Let h(x) = -x - 2. Suppose -1 = 4*u + 51. Let f = -6 - u. Determine h(f).
-9
Let f(v) = -v**2 + 7*v - 6. Let q(y) = 6*y - 28. Let l be q(7). Let g be 6/(-2 + 5)*10. Let a = g - l. What is f(a)?
0
Let m(j) = 8*j. Suppose 0 = -2*x + 26 - 8. Suppose y - 12 - 10 = 4*w, -2*y + w + x = 0. Give m(y).
16
Suppose 0 = -4*l + 3*l, -c = 5*l. Suppose o = 3 - c. Let u(z) = -3*z**2 + 2 - 3 - 41*z**3 + 83*z**3 - 41*z**3 + o*z. What is u(2)?
1
Let q(a) = -a**2 - a - 1. Suppose -5*v = z + 6, 3*z - 6*v = -v + 22. Suppose 0 = -2*h + z*h + 8. Let g = 2 + h. Determine q(g).
-3
Let g(q) = q**3 - 6*q**2 - q + 4. Suppose 0 = -4*p - 2 - 10. Let r(t) = 2*t**2 + 4*t + 2. Let v be r(-2). Let l be (1 - (1 + v))*p. Calculate g(l).
-2
Let l(v) = -15*v + 3. Let n = -1852 + 1850. Give l(n).
33
Let g(o) = 0*o**2 - 3*o**2 + 8*o + 2*o**2. Let v(z) = -2*z**2 - 14*z + 7. Let u be v(-7). Calculate g(u).
7
Let x(b) = -b - 11. Let q(d) = -5*d**2 - d - 3. Let p be q(-1). What is x(p)?
-4
Let r(h) = -h**2 + 4*h - 1. Let b = 490 + -487. Calculate r(b).
2
Let w(k) be the first derivative of 1/3*k**3 - 1/2*k**2 + k - 2 + 1/3*k**4. Let h(m) be the first derivative of w(m). What is h(-2)?
11
Let j = 829/3 - 276. Let w(b) be the second derivative of -j*b**3 + 0 + 6*b + 1/2*b**2. Calculate w(2).
-3
Let w(y) be the first derivative of 2*y**3/3 + y**2 - 114. Determine w(2).
12
Let o(d) = -d**3 + 38*d**2 - 88*d - 595. Let f be o(35). Let l(r) = 4*r + 5. Let j(q) = -q + 1. Let g(k) = -3*j(k) - l(k). Calculate g(f).
-8
Let h(y) = y + 18. Let k(o) = -11*o - 54. Let d be k(-4). Give h(d).
8
Let p be (-6)/18*-2*-3. Let d(q) = -4*q + 6*q + 2 - q. Give d(p).
0
Let y(w) = -7 + 99*w - w**2 - 52*w - 47*w + w**3. What is y(0)?
-7
Let h(i) be the first derivative of -i**3/3 + 2*i**2 + 2*i - 6. Calculate h(6).
-10
Suppose -56*k = 15 - 183. Let r(y) = y**3 - 2*y**2 - 6*y + 7. Calculate r(k).
-2
Let o = 300 + -163. Let g(d) = d - o + 263 + d**2 - 134. What is g(0)?
-8
Let l(i) be the third derivative of -i**6/120 + i**5/12 + 3*i**3/2 - 52*i**2 - 4*i. Give l(5).
9
Let a(l) = 4*l**3 - 2*l - 3. Let q be a(-1). Let g be 25/q - 2*-2. Let b(z) be the first derivative of 11*z**2/2 + z + 2. Determine b(g).
-10
Let b(y) be the third derivative of y**6/120 + y**5/5 + 11*y**4/24 + 11*y**3/6 + 4*y**2 + 6*y. Give b(-11).
11
Let y(h) be the first derivative of -22*h**3/3 + 3*h**2 - 7*h - 17. Let n(k) = -k**2 + k - 1. Let o(v) = -6*n(v) + y(v). Give o(-1).
-17
Let d(n) be the second derivative of -n**4/12 + 5*n**3/6 - 6*n**2 + 42*n. Give d(5).
-12
Let r(a) = -14*a**3 + a**2. Suppose 0 = 7*z - 2*z - 25. Suppose 6*f - 18 = -3*n + 3*f, z*n - 4*f + 15 = 0. Calculate r(n).
-13
Let m(y) be the first derivative of y**4/4 - 2*y**3 + 7*y**2/2 - 4*y - 167. Give m(5).
6
Let c(w) be the third derivative of 0 + 2*w**2 + 0*w - 1/12*w**5 + 1/3*w**3 - 1/24*w**4 - 1/120*w**6. Give c(-4).
-10
Suppose -2*w + 18 = -h + 4*h, -4*w = h - 16. Let p(n) = 16*n - 1. Let i(k) = 2*k. Let u(v) = 6*i(v) - p(v). What is u(w)?
-11
Let k(r) = -18*r**2 - 7*r. Let g(u) = 20*u**2 + 5*u. Let t(q) = 4*g(q) + 3*k(q). Determine t(-1).
27
Let a(o) = -o - 6. Suppose -9*p + 6*p = 27. Let j(z) = z + 4. Let k be j(p). Give a(k).
-1
Let i(b) be the third derivative of b**4/24 + 5*b**3/6 + 12*b**2 + 11*b. Calculate i(-8).
-3
Let n = -25 - -33. Let u be ((-1)/2)/(n/(-112)). Let f(s) = -1 + 2 - s + 1. Determine f(u).
-5
Let b(j) be the first derivative of -j**3/3 + j**2/2 + 30*j - 7. Let r be b(0). Let g be -1*2*(-15)/r. Let o(d) = -4*d**2. Give o(g).
-4
Suppose -2*s = -3*s. Let x(r) be the first derivative of 0*r**2 - 3 - 1/3*r**3 + 7*r. Determine x(s).
7
Let p(t) be the third derivative of t**5/60 - t**4/4 + 2*t**3/3 - 136*t**2. Calculate p(6).
4
Let m(p) = p**3 - 8*p**2 - 13*p + 10. Let q be m(9). Let i = 31 + q. Let h(n) = n - 4. What is h(i)?
1
Suppose 4*z - 1 - 19 = 0. Let l(u) = -3 - z + 2 - 2*u + 2. Let o = 117 - 123. Give l(o).
8
Let z(r) be the first derivative of r**4/4 + r**3/3 + 632. Calculate z(1).
2
Let i(t) be the second derivative of -3*t**4/4 + t**2/2 + 3*t. Let v(r) = -4*r**3 + r**2 + 2*r - 1. Let u be v(-2). Let f = -30 + u. Calculate i(f).
-8
Let t(f) = 0*f + 0 + 1 + 10*f + 7*f - 2*f**2. Determine t(9).
-8
Let t(m) = -m**2 + 5*m + 1. Let j(c) be the third derivative of c**5/60 - c**3/6 + 8*c**2. Let s be j(-2). Suppose -s*i = l - 5*i + 4, 4*i + 4 = 5*l. Give t(l).
5
Suppose -3*w = 7*w + 10*w. Let u(c) = -c + 13. Determine u(w).
13
Let x(n) = -n + 36. Let b(o) = -5*o + 146. Let q(v) = 2*b(v) - 9*x(v). Calculate q(0).
-32
Suppose -r + 15*x - 16*x = -8, -5*r + x = -10. Let d(j) = -5*j + 2*j**2 + 1 - j**2 + 0*j**2. What is d(r)?
-5
Let q(c) = -2*c**3 - 4*c - 488 - 499 - 5*c**2 + c**3 + 986. Let f(v) = -v. Let u be f(3). What is q(u)?
-7
Let j(x) = 18*x - 93. Let d be j(5). Let f(u) = -u**2